{"id":34,"date":"2015-03-02T21:44:34","date_gmt":"2015-03-02T20:44:34","guid":{"rendered":"http:\/\/hamrehaugen.no\/wp\/?page_id=34"},"modified":"2016-05-02T12:49:31","modified_gmt":"2016-05-02T11:49:31","slug":"idekassen","status":"publish","type":"page","link":"https:\/\/hamrehaugen.no\/?page_id=34","title":{"rendered":"Id\u00e9kassen"},"content":{"rendered":"<p>Id\u00e9kassen kan du bruke til \u00e5 komme med forslag til saker som styret kan behandle, eller du kan gj\u00f8re styret oppmerksom p\u00e5 en spesiell sak. Id\u00e9kassen kan ogs\u00e5 brukes til formidle generell ris og ros til styret. Id\u00e9kassen er plassert p\u00e5 postkassestativet ved nedre lekeplass. Du kan ogs\u00e5 sende en e-post til <a href=\"mailto:styret@hamrehaugen.no\">styret@hamrehaugen.no<\/a>, eller benytte skjemaet under (skjemaet kan benyttes anonymt).<\/p>\n<div role=\"form\" class=\"wpcf7\" id=\"wpcf7-f36-o1\" dir=\"ltr\">\n<div class=\"screen-reader-response\"><p role=\"status\" aria-live=\"polite\" aria-atomic=\"true\"><\/p> <ul><\/ul><\/div>\n<form action=\"\/index.php?rest_route=%2Fwp%2Fv2%2Fpages%2F34#wpcf7-f36-o1\" method=\"post\" class=\"wpcf7-form init\" novalidate=\"novalidate\" data-status=\"init\">\n<div style=\"display: none;\">\n<input type=\"hidden\" name=\"_wpcf7\" value=\"36\" \/>\n<input type=\"hidden\" name=\"_wpcf7_version\" value=\"5.4.1\" \/>\n<input type=\"hidden\" name=\"_wpcf7_locale\" value=\"\" \/>\n<input type=\"hidden\" name=\"_wpcf7_unit_tag\" value=\"wpcf7-f36-o1\" \/>\n<input type=\"hidden\" name=\"_wpcf7_container_post\" value=\"0\" \/>\n<input type=\"hidden\" name=\"_wpcf7_posted_data_hash\" value=\"\" \/>\n<input type=\"hidden\" name=\"_wpcf7_recaptcha_response\" value=\"\" \/>\n<\/div>\n<p>Navn<br \/>\n    <span class=\"wpcf7-form-control-wrap your-name\"><input type=\"text\" name=\"your-name\" value=\"\" size=\"40\" class=\"wpcf7-form-control wpcf7-text\" aria-invalid=\"false\" \/><\/span> <\/p>\n<p>E-post<br \/>\n    <span class=\"wpcf7-form-control-wrap your-email\"><input type=\"email\" name=\"your-email\" value=\"\" size=\"40\" class=\"wpcf7-form-control wpcf7-text wpcf7-email wpcf7-validates-as-email\" aria-invalid=\"false\" \/><\/span> <\/p>\n<p>Melding*<br \/>\n    <span class=\"wpcf7-form-control-wrap your-message\"><textarea name=\"your-message\" cols=\"40\" rows=\"10\" class=\"wpcf7-form-control wpcf7-textarea wpcf7-validates-as-required\" aria-required=\"true\" aria-invalid=\"false\"><\/textarea><\/span> <\/p>\n<p><input type=\"submit\" value=\"Send inn\" class=\"wpcf7-form-control wpcf7-submit\" \/><\/p>\n<div class=\"wpcf7-response-output\" aria-hidden=\"true\"><\/div><\/form><\/div>\n","protected":false},"excerpt":{"rendered":"<p>Id\u00e9kassen kan du bruke til \u00e5 komme med forslag til saker som styret kan behandle, eller du kan gj\u00f8re styret oppmerksom p\u00e5 en spesiell sak. Id\u00e9kassen kan ogs\u00e5 brukes til formidle generell ris og ros til styret. Id\u00e9kassen er plassert p\u00e5 postkassestativet ved nedre lekeplass. Du kan ogs\u00e5 sende en e-post til styret@hamrehaugen.no, eller benytte [&hellip;]<\/p>\n","protected":false},"author":1,"featured_media":0,"parent":0,"menu_order":0,"comment_status":"closed","ping_status":"open","template":"","meta":[],"_links":{"self":[{"href":"https:\/\/hamrehaugen.no\/index.php?rest_route=\/wp\/v2\/pages\/34"}],"collection":[{"href":"https:\/\/hamrehaugen.no\/index.php?rest_route=\/wp\/v2\/pages"}],"about":[{"href":"https:\/\/hamrehaugen.no\/index.php?rest_route=\/wp\/v2\/types\/page"}],"author":[{"embeddable":true,"href":"https:\/\/hamrehaugen.no\/index.php?rest_route=\/wp\/v2\/users\/1"}],"replies":[{"embeddable":true,"href":"https:\/\/hamrehaugen.no\/index.php?rest_route=%2Fwp%2Fv2%2Fcomments&post=34"}],"version-history":[{"count":4,"href":"https:\/\/hamrehaugen.no\/index.php?rest_route=\/wp\/v2\/pages\/34\/revisions"}],"predecessor-version":[{"id":52,"href":"https:\/\/hamrehaugen.no\/index.php?rest_route=\/wp\/v2\/pages\/34\/revisions\/52"}],"wp:attachment":[{"href":"https:\/\/hamrehaugen.no\/index.php?rest_route=%2Fwp%2Fv2%2Fmedia&parent=34"}],"curies":[{"name":"wp","href":"https:\/\/api.w.org\/{rel}","templated":true}]}}